 Let j(f) be the third derivative of -f**5/60 - f**4/4 + f**3/6 - 5*f**2. What is j(g)?
6
Let c(b) = -7*b**2 + 6*b + 4. Let j(l) = 13*l**2 - 11*l - 7. Let i(o) = 11*c(o) + 6*j(o). Give i(2).
6
Let q be (-13)/(-15) + 40/300. Let u(n) = 2*n**2 - 1. Calculate u(q).
1
Let q(s) = -s + 10. Let m be q(7). Suppose 3*z - m = 3. Let b(k) be the first derivative of -k**3/3 + k**2/2 - k + 2. Calculate b(z).
-3
Suppose 331 = -6*u + 55. Let s = u - -41. Let z(f) = f**3 + 7*f**2 + 8*f + 4. What is z(s)?
14
Let w(i) = -5*i**2 + i - 6. Let x(o) = 4*o**2 + 6. Let t(l) = -3*w(l) - 4*x(l). Let a(z) = -z**2 - 57*z - 354. Let g be a(-7). Determine t(g).
-10
Let k(x) = x**3 - 8 - 3*x + 5*x**2 - x**2 + 3. Let d = 11 - 15. Calculate k(d).
7
Let f(w) = 4*w**2 + 10*w + 10. Let a(b) = 3*b**2 + 9*b + 9. Let u(m) = -7*a(m) + 6*f(m). Let d be (-12 - -12) + (-12)/(-4)*1. What is u(d)?
15
Let s(g) = -g - 6. Let r(q) = q + 5. Let x(k) = -3*r(k) - 2*s(k). Let c(o) = o**3 - 10*o**2 + 2*o - 26. Let p be c(10). What is x(p)?
3
Let s(i) = i**3 + 10*i**2 + 15*i + 2. Let u = 1738 + -1746. What is s(u)?
10
Let b(g) = -9*g + 3. Let l be (-9 - -7)*((-36)/8 + 3). Give b(l).
-24
Let y = 1667 - 1649. Let w(t) = t**2 - 19*t + 28. Give w(y).
10
Let s(r) = 3*r**2 - 1. Let l = -23 - -31. Let a = 3 - -7. Let z be 2/(-10) - l/a. What is s(z)?
2
Let v(j) = -4*j - 20. Let x = 331 + -341. Determine v(x).
20
Let b(w) be the first derivative of -w**4/4 + 3*w**3 - 11*w**2/2 - 2*w - 492. Determine b(8).
-26
Suppose 11*q = -118 + 52. Let a(c) = -c - 3. Give a(q).
3
Suppose -49 = -6*i - 1. Let t = 17 - i. Let l(o) = -t - 2*o + 14 - 5 + o**2. Give l(3).
3
Suppose 10 = -v + 2*n - 1, 3*v + 3*n = 3. Let o(c) = c**3 + 3*c**2 - 3*c - 6. Let l be o(v). Let z(w) = w + w**l - 10 - 2*w**3 + 3. Determine z(0).
-7
Let q be (40/12)/((-4)/6). Let j(p) = p**2 + 2*p**3 + 6*p - 5*p**2 + 0*p**3 - 3*p**3 - 3. What is j(q)?
-8
Let k(z) be the third derivative of -z**6/60 - 2*z**5/15 + z**4/12 + 2*z**3/3 - 144*z**2 + 1. What is k(-4)?
-4
Let a(f) = 2*f + 1. Let o be a(2). Let r(m) = 0*m**2 - 5 - 5*m - m**2 + o. Let z be (4 + -3 + -2)*4. Give r(z).
4
Let n(p) = 6*p + 16 + 6*p - 5*p - 5*p. Give n(0).
16
Let r(v) = v - 6. Suppose 7 + 6 = c. Let o = c + -13. What is r(o)?
-6
Suppose 5*u + 85 = -w, -13*u + 3*w + 3 = -14*u. Let m(k) = -k**3 - 17*k**2 + 17*k - 26. Let i be m(u). Let r(z) = -z**3 - 7*z**2 + 4*z - 9. What is r(i)?
23
Let i(l) be the first derivative of 3/2*l**2 + 2*l - 3 + 2/3*l**3. Calculate i(-2).
4
Let t(c) = 56*c**3 + 3*c**2 - 3*c + 7. Let s(n) = 25*n**3 + n**2 - n + 3. Let x(o) = 9*s(o) - 4*t(o). Give x(3).
8
Let q(k) be the first derivative of k**4/2 + k**3 + k**2 - 138. What is q(-2)?
-8
Let r = 252 + -256. Let q(y) = -y**3 - 5*y**2 - 3*y + 5. What is q(r)?
1
Let q(l) = 2*l**3 + 2*l**2 - 2*l - 3. Let g(i) = 4*i - 2. Let y be g(5). Let n = y + -16. Suppose 3*o - 4*o - 3*a - n = 0, -6 = 3*o - 5*a. Determine q(o).
-7
Let m(r) be the first derivative of -r**2/2 + 6*r + 65. Calculate m(6).
0
Let k(u) = u**3 - 10*u**2 - 23*u + 141. Let j be k(11). Let z(b) = b**2 - 8*b - 5. What is z(j)?
4
Let c(d) = -2*d**3 + 16*d**2 + 2*d + 3. Suppose 0 = -18*b + 70 + 74. Give c(b).
19
Let r(j) = 2*j - 10. Let a(x) = -x + 4. Let p(s) = -7*a(s) - 3*r(s). Give p(2).
4
Let u(r) = 50*r + 24*r**2 - 9*r**2 + 56*r - 9 + 46*r - r**3 - 164*r. Give u(14).
19
Let v(n) = -1. Let w(r) = -r - 13. Let d(q) = -v(q) + w(q). Calculate d(-10).
-2
Let d(q) = -2*q**2 - 10 + 18 - 1 - 8 - q**3. Calculate d(-2).
-1
Let p = 1775/10722 + 2/1787. Let j(r) be the second derivative of -p*r**4 + 1/20*r**5 + 0 - 8*r + 0*r**3 + r**2. Give j(2).
2
Let x(u) = -u**2 - 5526 + 5521 + 2*u**2 + 4*u. What is x(-5)?
0
Let b = 11929 + -11918. Let u(l) = 2*l**3 + 11*l**2 - 3*l - 1. Let q(a) = -3*a**3 - 22*a**2 + 5*a + 1. Let i(r) = 3*q(r) + 5*u(r). Calculate i(b).
-2
Let v(k) = -2*k - 13. Let n be v(-6). Let l(b) = -b**3 + 5*b**2 - 3*b - 1. Let h be l(4). Let x(c) = 5 + c - 7*c**h - c**2 - 4 + 0*c**2. Calculate x(n).
6
Let i(u) = 3*u**3 + 2*u**2 - 3*u - 2. Let w = -7 + -9. Let t = -15 - w. Suppose 4*l + 7 = -t. What is i(l)?
-12
Let x(w) = -5*w**2 - w + 7. Let q(a) = 6*a**2 - 7. Let f(u) = 6*q(u) + 7*x(u). Let y(n) = -3*n**2 + 19*n - 1. Let s be y(6). Determine f(s).
-3
Let p(l) = -8*l**3 + l**2 + l - 1. Let w be p(1). Let v(d) = -3*d**2 - 7*d + 63. Let y(f) = -7*f**2 - 13*f + 158. Let k(i) = -5*v(i) + 2*y(i). Determine k(w).
-13
Suppose -28 + 13 = -3*p. Let o = 5 + -5. Let r(x) = 5*x - 7 + o - 4*x. What is r(p)?
-2
Let x(d) = -28 + d + 27 + 12*d**2 + 0*d + 2*d**3 - 9*d**2. What is x(-2)?
-7
Let f(b) = -14 + 10 + 1 + 1 + b. What is f(8)?
6
Suppose 0 = 5*u - u - k - 16, -5*u + 2*k = -23. Suppose u = -d + 4*d. Let x(w) = -6*w + 3*w + 10*w**2 + 5*w - 3*w. Give x(d).
9
Let q(i) = -3*i. Let a(x) = 8*x**3 + 2*x**2 - 2*x. Let k be a(1). Determine q(k).
-24
Let n = -25 - -24. Let g(m) = 5*m - 1. Let b be g(n). Let j(v) be the second derivative of v**5/20 + 5*v**4/12 - v**3 + 5*v**2/2 + v. Calculate j(b).
5
Suppose -4*x - 29*x = 0. Let q(g) = 2*g**3 + g**2 + g - 4. Determine q(x).
-4
Suppose -13*p + 5*p - 128 = 0. Let f = p - -21. Let v(j) = -2*j - 2. Determine v(f).
-12
Let y(b) be the first derivative of 2*b**2 - 5*b - 8 + 1/3*b**3. Suppose -s - 4*s - 25 = 0. Calculate y(s).
0
Let q(d) be the third derivative of d**9/60480 - d**7/1680 + d**6/720 + d**5/30 - 49*d**2. Let r(x) be the third derivative of q(x). Determine r(2).
3
Let i(t) = t**2 + 6 - 2*t + 6*t - 2*t**2. Let o be (4/6 - (-8)/(-3)) + 6. Suppose 2*w + 5*r = 2*r + 25, 3*r = -o*w + 35. Calculate i(w).
1
Let c(w) = w**3 - 7*w**2 + 6*w - 1. Let u be (6/(-8))/((-1)/24). Let s(z) = z**3 - 18*z**2 + 5. Let h be s(u). Calculate c(h).
-21
Let z(b) = -b**2 + 14*b - 14. Let n(q) = 15*q + 158. Let i be n(-10). Give z(i).
34
Suppose -3*o - 3*s = 30, 0 = o - 4*o + 5*s + 2. Let q(a) = -a**2 - 3*a + 9. Determine q(o).
-9
Let z(x) = 19*x**3 + 1. Suppose 0 = -9*n + 4 - 13. Calculate z(n).
-18
Suppose 5*n - 127 = -137. Let l(u) = 2*u**2 + u + 1. Give l(n).
7
Suppose 3 = 4*a - 13. Suppose a*o + 5 = 21. Let r(n) = n**2 - 6*n + 2. What is r(o)?
-6
Suppose 23 = 2*b - 5*n, 3*n + 4 = -4*b + 11. Suppose 2*j = -2*q - 6, 4*q + 12 = j + b*j. Let u(k) = -2*k + 3 - k**3 - 3*k**2 - 2*k + k. Give u(q).
12
Let s(k) = k**2 - 11*k + 4. Let o be 6/66 + (-585)/(-99). What is s(o)?
-26
Let r(o) = 20 - 12*o - 18*o - 19*o + 50*o. Give r(-16).
4
Let f be 26 + -168 + (-6 - -1). Let d = f - -148. Let v(c) = 5*c**3 + c**2 - c. Determine v(d).
5
Suppose 4*r = -p + 4, 4*r + 2 = 6. Let v(j) = -j**2 + j - 4. Determine v(p).
-4
Let p(v) = 2*v**2 - 7*v - 8. Let i(w) = -2*w**2 - 28*w + 6. Let y be i(-14). Calculate p(y).
22
Let g(k) = -5*k**2 + 10*k - 10. Let x(t) = 9*t**2 - 20*t + 20. Let c(r) = -7*g(r) - 4*x(r). What is c(8)?
6
Let w(h) = h**3 - 5*h**2 - 29*h + 135. Let q be w(6). Let v(t) = t**3 + 6*t**2 + t. What is v(q)?
24
Let t(n) = -n**2. Let r(k) = -7*k + 8*k + 3 - 5*k + 4*k**2 - 8. Let z(l) = r(l) + 5*t(l). Determine z(-4).
-5
Let t(d) = -5*d**2 - 3*d - 6. Let g(u) = -14*u**2 - 10*u - 16. Let x(s) = -4*g(s) + 11*t(s). What is x(-4)?
-14
Suppose 2*o + o = -4*w + 757, 5*o + 955 = 5*w. Let s = w + -183. Let d(a) = 2 + 2*a**2 + 2 - 3*a**2 + 7*a. Give d(s).
4
Let v(b) be the first derivative of -3*b - 4*b**2 - 1/3*b**3 + 19. Determine v(-6).
9
Let v(t) = t**2 + 12*t - 8. Let w be v(-13). Let k(o) = -w*o**2 + 13*o**2 + 1 + 12*o**2 + 0. Calculate k(1).
21
Suppose 2*x + 0 - 6 = -q, 5*q = 0. Suppose i + x = 2*i. Suppose i*z = z - 2. Let a(n) = -3*n - 1. What is a(z)?
2
Let r(i) = -2*i**3 + i**2 - i + 1. Let w(p) = -p + 19. Let d be w(16). Suppose 0 = -j + 5 - d. Calculate r(j).
-13
Let v be 2*(2 + 28/(-8)). Let f be v/(-24) - (-165)/24. Suppose 5*t = 6*t + f. Let o(w) = -w - 1. Calculate o(t).
6
Let s(o) = o - 2. Let r be 3/(9/(-6) + 0). Let f(u) = u - 2. Let b(z) = r*s(z) + 3*f(z). Calculate b(-6).
-8
Let b(o) = o + 7. Let a(x) = -11*x + 5. Let t be a(1). What is b(t)?
1
Let k(u) = -1106*u**3 + 2*u**2 - 4 + 3 + u + 1108*u**3. What is k(-2)?
-11
Let j(f) = 3*f + 11. Let k be 2 + (-5 - -7) - -114. Let v be k/(-14) - (-3)/7. What is j(v)?
-13
Let d(i) be the first derivative of -i**2 + 8*i + 2. Let g = 4025 - 4031. Determine d(g).
20
Suppose -226 = 4*w - 210. Let k(s